{"id":14,"date":"2023-01-10T13:16:18","date_gmt":"2023-01-10T12:16:18","guid":{"rendered":"https:\/\/l2p.sk\/?page_id=14"},"modified":"2023-01-10T18:56:55","modified_gmt":"2023-01-10T17:56:55","slug":"home","status":"publish","type":"page","link":"https:\/\/l2p.sk\/","title":{"rendered":"Home"},"content":{"rendered":"\n<div class=\"wp-block-columns alignwide is-layout-flex wp-container-core-columns-is-layout-9d6595d7 wp-block-columns-is-layout-flex\">\n<div class=\"wp-block-column is-layout-flow wp-block-column-is-layout-flow\" style=\"flex-basis:100%\" id=\"sluzby\">\n<div style=\"height:40px\" aria-hidden=\"true\" class=\"wp-block-spacer\"><\/div>\n\n\n\n<div class=\"wp-block-cover alignfull is-light hestia-clear-top-padding\" id=\"sluzby\"><span aria-hidden=\"true\" class=\"wp-block-cover__background has-white-background-color has-background-dim-100 has-background-dim\"><\/span><div class=\"wp-block-cover__inner-container is-layout-flow wp-block-cover-is-layout-flow\">\n<h1 class=\"has-text-align-center has-black-color has-text-color wp-block-heading\"><mark style=\"background-color:rgba(0, 0, 0, 0)\" class=\"has-inline-color has-black-color\">Slu\u017eby ktor\u00e9 poskytujeme<\/mark><br><\/h1>\n\n\n\n<div style=\"height:40px\" aria-hidden=\"true\" class=\"wp-block-spacer\"><\/div>\n\n\n\n<div class=\"wp-block-group\"><div class=\"wp-block-group__inner-container is-layout-constrained wp-block-group-is-layout-constrained\">\n<div class=\"wp-block-columns container is-layout-flex wp-container-core-columns-is-layout-9d6595d7 wp-block-columns-is-layout-flex\">\n<div class=\"wp-block-column is-layout-flow wp-block-column-is-layout-flow\"><div class=\"wp-block-image\">\n<figure class=\"aligncenter size-large is-resized\"><img loading=\"lazy\" decoding=\"async\" src=\"https:\/\/l2p.sk\/wp-content\/uploads\/2023\/01\/Book-Icon-1024x846.png\" alt=\"\" class=\"wp-image-61\" width=\"100\" height=\"82\" srcset=\"https:\/\/l2p.sk\/wp-content\/uploads\/2023\/01\/Book-Icon-1024x846.png 1024w, https:\/\/l2p.sk\/wp-content\/uploads\/2023\/01\/Book-Icon-300x248.png 300w, https:\/\/l2p.sk\/wp-content\/uploads\/2023\/01\/Book-Icon-768x634.png 768w, https:\/\/l2p.sk\/wp-content\/uploads\/2023\/01\/Book-Icon-1536x1269.png 1536w, https:\/\/l2p.sk\/wp-content\/uploads\/2023\/01\/Book-Icon-2048x1691.png 2048w\" sizes=\"auto, (max-width: 100px) 100vw, 100px\" \/><\/figure>\n<\/div>\n\n\n<h5 class=\"has-text-align-center has-black-color has-text-color wp-block-heading\" style=\"font-size:18px\">Podvojn\u00e9 \u00fa\u010dtovn\u00edctvo<\/h5>\n\n\n\n<p class=\"has-text-align-center has-black-color has-text-color\" style=\"font-size:14px\">Podvojn\u00e9 \u00fa\u010dtovn\u00edctvo je ur\u010den\u00e9 t\u00fdm \u00fa\u010dtovn\u00fdm jednotk\u00e1m, ktor\u00fdm vypl\u00fdva zo z\u00e1kona vies\u0165 podvojn\u00e9 \u00fa\u010dtovn\u00edctvo. S\u00fa to hlavne subjekty zap\u00edsan\u00e9 v obchodnom registri (spolo\u010dnos\u0165 s ru\u010den\u00edm obmedzen\u00fdm, akciov\u00e1 spolo\u010dnos\u0165, \u2026).<\/p>\n\n\n\n<div style=\"height:25px\" aria-hidden=\"true\" class=\"wp-block-spacer\"><\/div>\n<\/div>\n\n\n\n<div class=\"wp-block-column is-layout-flow wp-block-column-is-layout-flow\"><div class=\"wp-block-image\">\n<figure class=\"aligncenter size-full is-resized\"><img loading=\"lazy\" decoding=\"async\" src=\"https:\/\/l2p.sk\/wp-content\/uploads\/2023\/01\/brmgroup_ikona_uvod_3.png\" alt=\"\" class=\"wp-image-63\" width=\"85\" height=\"70\"\/><\/figure>\n<\/div>\n\n\n<h5 class=\"has-text-align-center has-black-color has-text-color wp-block-heading\" style=\"font-size:18px\">Jednoduch\u00e9 \u00fa\u010dtovn\u00edctvo<\/h5>\n\n\n\n<p class=\"has-text-align-center has-black-color has-text-color\" style=\"font-size:14px\">Jednoduch\u00e9 \u00fa\u010dtovn\u00edctvo si ved\u00fa hlavne samostatne z\u00e1robkovo \u010dinn\u00e9 osoby, ktor\u00e9 sa rozhodli vyu\u017e\u00edva\u0165 preuk\u00e1zate\u013en\u00e9 v\u00fddavky a nevyhovuje im da\u0148ov\u00e1 evidencia. T\u00fato \u00fa\u010dtov\u00fa s\u00fastavu tie\u017e vo ve\u013ekej miere pou\u017e\u00edvaj\u00fa neziskov\u00e9 \u00fa\u010dtovn\u00e9 jednotky, ktor\u00fdm zo z\u00e1kona nevypl\u00fdva povinnos\u0165 vies\u0165 podvojn\u00e9 \u00fa\u010dtovn\u00edctvo.<\/p>\n\n\n\n<div style=\"height:25px\" aria-hidden=\"true\" class=\"wp-block-spacer\"><\/div>\n<\/div>\n\n\n\n<div class=\"wp-block-column is-layout-flow wp-block-column-is-layout-flow\"><div class=\"wp-block-image\">\n<figure class=\"aligncenter size-full is-resized\"><img loading=\"lazy\" decoding=\"async\" src=\"https:\/\/l2p.sk\/wp-content\/uploads\/2023\/01\/mail-128.png\" alt=\"\" class=\"wp-image-65\" width=\"85\" height=\"70\"\/><\/figure>\n<\/div>\n\n\n<h5 class=\"has-text-align-center has-black-color has-text-color wp-block-heading\" style=\"font-size:18px\">Spracovanie miezd<\/h5>\n\n\n\n<p class=\"has-text-align-center has-black-color has-text-color\" style=\"font-size:14px\">Na\u0161a spolo\u010dnos\u0165 poskytuje aj komplexn\u00e9 spracovanie mzdovej agendy. Taktie\u017e Va\u0161ich zamestnancov prihl\u00e1sime aj do soci\u00e1lnej pois\u0165ovne a zdravotn\u00fdch pois\u0165ovn\u00ed. Garantujeme aj pravideln\u00e9 od posielanie v\u00fdkazov do v\u0161etk\u00fdch \u0161t\u00e1tnych in\u0161tit\u00faci\u00ed.<\/p>\n\n\n\n<div style=\"height:25px\" aria-hidden=\"true\" class=\"wp-block-spacer\"><\/div>\n<\/div>\n\n\n\n<div class=\"wp-block-column is-layout-flow wp-block-column-is-layout-flow\"><div class=\"wp-block-image\">\n<figure class=\"aligncenter size-large is-resized\"><img loading=\"lazy\" decoding=\"async\" src=\"https:\/\/l2p.sk\/wp-content\/uploads\/2023\/01\/Book-Icon-1024x846.png\" alt=\"\" class=\"wp-image-61\" width=\"101\" height=\"83\" srcset=\"https:\/\/l2p.sk\/wp-content\/uploads\/2023\/01\/Book-Icon-1024x846.png 1024w, https:\/\/l2p.sk\/wp-content\/uploads\/2023\/01\/Book-Icon-300x248.png 300w, https:\/\/l2p.sk\/wp-content\/uploads\/2023\/01\/Book-Icon-768x634.png 768w, https:\/\/l2p.sk\/wp-content\/uploads\/2023\/01\/Book-Icon-1536x1269.png 1536w, https:\/\/l2p.sk\/wp-content\/uploads\/2023\/01\/Book-Icon-2048x1691.png 2048w\" sizes=\"auto, (max-width: 101px) 100vw, 101px\" \/><\/figure>\n<\/div>\n\n\n<h5 class=\"has-text-align-center has-black-color has-text-color wp-block-heading\" style=\"font-size:18px\">Ostatn\u00e9 slu\u017eby<\/h5>\n\n\n\n<p class=\"has-text-align-center has-black-color has-text-color\" style=\"font-size:14px\">Medzi ostatn\u00e9 slu\u017eby, ktor\u00e9 V\u00e1m vieme poskytn\u00fa\u0165 je komplexn\u00e1 registr\u00e1cia pre potreby dane z pridanej hodnoty. Taktie\u017e V\u00e1m vieme vypracova\u0165 aj da\u0148ov\u00e9 priznanie dani z pr\u00edjmov.<\/p>\n\n\n\n<div style=\"height:25px\" aria-hidden=\"true\" class=\"wp-block-spacer\"><\/div>\n<\/div>\n<\/div>\n<\/div><\/div>\n\n\n\n<div style=\"height:40px\" aria-hidden=\"true\" class=\"wp-block-spacer\"><\/div>\n<\/div><\/div>\n<\/div>\n<\/div>\n\n\n\n<div class=\"wp-block-columns alignfull container has-black-background-color has-background is-layout-flex wp-container-core-columns-is-layout-9d6595d7 wp-block-columns-is-layout-flex\" id=\"onas\">\n<div class=\"wp-block-column is-vertically-aligned-center col-md-5 is-layout-flow wp-block-column-is-layout-flow\" style=\"flex-basis:15%\">\n<div style=\"height:\" aria-hidden=\"true\" class=\"wp-block-spacer\"><\/div>\n<\/div>\n\n\n\n<div class=\"wp-block-column is-vertically-aligned-center col-md-5 is-layout-flow wp-block-column-is-layout-flow\">\n<h1 class=\"has-text-align-center has-white-color has-text-color wp-block-heading\">O n\u00e1s<\/h1>\n\n\n\n<p class=\"has-white-color has-text-color\" style=\"font-size:14px\">Na\u0161a spolo\u010dnos\u0165 sa pod zna\u010dkou L2P sa zameriava na poskytovanie \u00fa\u010dtovn\u00fdch, da\u0148ov\u00fdch slu\u017eieb a poradenstva. \u0160pecializujeme sa na spracov\u00e1vanie \u00fa\u010dtovnej a mzdovej agendy mal\u00fdch, stredn\u00fdch a ve\u013ek\u00fdch spolo\u010dnost\u00ed. Mlad\u00e1, dynamick\u00e1 spolo\u010dnos\u0165, ktor\u00e1 spracuje Va\u0161e \u00fa\u010dtovn\u00edctvo. Na\u0161e slu\u017eby poskytujeme v r\u00e1mci stredn\u00e9ho a z\u00e1padn\u00e9ho Slovenska. Spokojnos\u0165 na\u0161ich z\u00e1kazn\u00edkov je v\u017edy na prvom mieste.<\/p>\n<\/div>\n\n\n\n<div class=\"wp-block-column is-vertically-aligned-center col-md-5 is-layout-flow wp-block-column-is-layout-flow\">\n<h1 class=\"has-text-align-center has-white-color has-text-color wp-block-heading\">Learn2Pay<\/h1>\n\n\n\n<blockquote class=\"wp-block-quote has-text-align-left has-white-color has-text-color is-layout-flow wp-block-quote-is-layout-flow\">\n<p><\/p>\n<cite><em>Ak nie\u010domu ver\u00edte, robte to naplno. Ak nie\u010domu never\u00edte, nerobte to v\u00f4bec.<\/em><\/cite><\/blockquote>\n<\/div>\n\n\n\n<div class=\"wp-block-column is-layout-flow wp-block-column-is-layout-flow\" style=\"flex-basis:15%\"><\/div>\n<\/div>\n\n\n\n<div class=\"wp-block-group alignfull has-black-color has-white-background-color has-text-color has-background\" id=\"cennik\"><div class=\"wp-block-group__inner-container is-layout-constrained wp-block-group-is-layout-constrained\">\n<div style=\"height:43px\" aria-hidden=\"true\" class=\"wp-block-spacer\"><\/div>\n\n\n\n<h1 class=\"has-text-align-center has-black-color has-text-color wp-block-heading\">Cenn\u00edk<\/h1>\n\n\n\n<div style=\"height:39px\" aria-hidden=\"true\" class=\"wp-block-spacer\"><\/div>\n\n\n\n<div class=\"wp-block-columns alignfull container is-layout-flex wp-container-core-columns-is-layout-9d6595d7 wp-block-columns-is-layout-flex\">\n<div class=\"wp-block-column is-layout-flow wp-block-column-is-layout-flow\" style=\"flex-basis:15%\"><\/div>\n\n\n\n<div class=\"wp-block-column is-layout-flow wp-block-column-is-layout-flow\">\n<h3 class=\"has-text-align-center has-black-color has-text-color wp-block-heading\" style=\"font-size:24px\">Spracovanie \u00fa\u010dtovn\u00edctva<\/h3>\n\n\n\n<ul class=\"wp-block-list\" style=\"font-size:14px\">\n<li>Za\u00fa\u010dtovanie 1 polo\u017eky 1 polo\u017eka 1,20 \u20ac<\/li>\n\n\n\n<li>Da\u0148ov\u00e9 priznanie k DPH(v cene je aj kontr. v\u00fdkaz) 1 kus 15,00 \u20ac<\/li>\n\n\n\n<li>Da\u0148ov\u00e9 priznanie(pr\u00e1vnick\u00e1 osoba)+\u00fa\u010dtovn\u00e1 uz\u00e1vierka 1 ks 150,00 \u20ac<\/li>\n\n\n\n<li>Vypracovanie \u00fa\u010dtovn\u00fdch pozn\u00e1mok DP 1 kus 20,00 \u20ac<\/li>\n<\/ul>\n\n\n\n<div style=\"height:25px\" aria-hidden=\"true\" class=\"wp-block-spacer\"><\/div>\n<\/div>\n\n\n\n<div class=\"wp-block-column is-layout-flow wp-block-column-is-layout-flow\">\n<h3 class=\"has-text-align-center has-black-color has-text-color wp-block-heading\" style=\"font-size:24px\">Spracovanie miezd<\/h3>\n\n\n\n<ul class=\"wp-block-list\" style=\"font-size:14px\">\n<li>Zamestnanec na prac. zmluvu 1 prac.\/m 15,00 \u20ac<\/li>\n\n\n\n<li>Zamestnanec na dohodu 1 prac.\/m 15,00 \u20ac<\/li>\n\n\n\n<li>Ro\u010dn\u00e9 z\u00fa\u010dtovanie dane z pr\u00edjmu zamestnancov 1 prac. 20,00 \u20ac<\/li>\n\n\n\n<li>Vyhotovenie ro\u010dn\u00e9ho hl\u00e1senia o vy\u00fa\u010dtovan\u00ed dane 1 hl\u00e1senie 20,00\u20ac<\/li>\n<\/ul>\n\n\n\n<div style=\"height:25px\" aria-hidden=\"true\" class=\"wp-block-spacer\"><\/div>\n<\/div>\n\n\n\n<div class=\"wp-block-column is-layout-flow wp-block-column-is-layout-flow\">\n<h4 class=\"has-text-align-center has-black-color has-text-color wp-block-heading\" style=\"font-size:24px\">Ostatn\u00e9 slu\u017eby<\/h4>\n\n\n\n<ul class=\"wp-block-list\" style=\"font-size:14px\">\n<li>Vyhotovenie Da\u0148ov\u00e9 priznania z dani z pr\u00edjmov typu A&nbsp; 20,00-&nbsp; \u20ac<\/li>\n\n\n\n<li>Vyhotovenie Da\u0148ov\u00e9 priznania z dani z pr\u00edjmov typu B 20,00-&nbsp; \u20ac<\/li>\n\n\n\n<li>Vyhotovenie Da\u0148ov\u00e9 priznania z dani z motorov\u00fdch vozidiel 15,00-&nbsp; \u20ac<\/li>\n\n\n\n<li>Administrat\u00edvne pr\u00e1ce spojen\u00e9 DPH 50,00 \u20ac<\/li>\n\n\n\n<li>\u00da\u010dtovn\u00e9 poradenstvo 1 Hod- 10,00\u20ac<\/li>\n<\/ul>\n\n\n\n<div style=\"height:25px\" aria-hidden=\"true\" class=\"wp-block-spacer\"><\/div>\n<\/div>\n\n\n\n<div class=\"wp-block-column is-layout-flow wp-block-column-is-layout-flow\" style=\"flex-basis:15%\"><\/div>\n<\/div>\n\n\n\n<div class=\"wp-block-columns alignfull is-layout-flex wp-container-core-columns-is-layout-9d6595d7 wp-block-columns-is-layout-flex\">\n<div class=\"wp-block-column is-layout-flow wp-block-column-is-layout-flow\" style=\"flex-basis:20%\"><\/div>\n\n\n\n<div class=\"wp-block-column is-layout-flow wp-block-column-is-layout-flow\">\n<p class=\"has-text-align-center\"><strong>V pr\u00edpade z\u00e1ujmu V\u00e1m vieme vypracova\u0165 aj nez\u00e1v\u00e4zn\u00fa cenov\u00fa ponuku na mieru! Nev\u00e1jte n\u00e1s kontaktova\u0165 cez ni\u017e\u0161ie uveden\u00fd formul\u00e1r:<\/strong><\/p>\n\n\n\n<div style=\"height:20px\" aria-hidden=\"true\" class=\"wp-block-spacer\"><\/div>\n\n\n<div class=\"wpforms-container wpforms-container-full\" id=\"wpforms-140\"><form id=\"wpforms-form-140\" class=\"wpforms-validate wpforms-form wpforms-ajax-form\" data-formid=\"140\" method=\"post\" enctype=\"multipart\/form-data\" action=\"\/index.php?rest_route=%2Fwp%2Fv2%2Fpages%2F14\" data-token=\"6eef6c51a401a264d430fbcc7e1bc90b\"><noscript class=\"wpforms-error-noscript\">Please enable JavaScript in your browser to complete this form.<\/noscript><div class=\"wpforms-field-container\"><div id=\"wpforms-140-field_9-container\" class=\"wpforms-field wpforms-field-name wpforms-one-half wpforms-first\" data-field-id=\"9\"><label class=\"wpforms-field-label\" for=\"wpforms-140-field_9\">Meno a priezvisko <span class=\"wpforms-required-label\">*<\/span><\/label><div class=\"wpforms-field-row wpforms-field-medium\"><div class=\"wpforms-field-row-block wpforms-first wpforms-one-half\"><input type=\"text\" id=\"wpforms-140-field_9\" class=\"wpforms-field-name-first wpforms-field-required\" name=\"wpforms[fields][9][first]\" required><label for=\"wpforms-140-field_9\" class=\"wpforms-field-sublabel after \">First<\/label><\/div><div class=\"wpforms-field-row-block wpforms-one-half\"><input type=\"text\" id=\"wpforms-140-field_9-last\" class=\"wpforms-field-name-last wpforms-field-required\" name=\"wpforms[fields][9][last]\" required><label for=\"wpforms-140-field_9-last\" class=\"wpforms-field-sublabel after \">Last<\/label><\/div><\/div><\/div><div id=\"wpforms-140-field_10-container\" class=\"wpforms-field wpforms-field-email wpforms-one-half\" data-field-id=\"10\"><label class=\"wpforms-field-label\" for=\"wpforms-140-field_10\">Email <span class=\"wpforms-required-label\">*<\/span><\/label><input type=\"email\" id=\"wpforms-140-field_10\" class=\"wpforms-field-medium wpforms-field-required\" name=\"wpforms[fields][10]\" required><\/div><div id=\"wpforms-140-field_1-container\" class=\"wpforms-field wpforms-field-text wpforms-one-half wpforms-first\" data-field-id=\"1\"><label class=\"wpforms-field-label\" for=\"wpforms-140-field_1\">Ak\u00e1 je forma V\u00e1\u0161ho podnikania? <span class=\"wpforms-required-label\">*<\/span><\/label><input type=\"text\" id=\"wpforms-140-field_1\" class=\"wpforms-field-medium wpforms-field-required\" name=\"wpforms[fields][1]\" required><\/div><div id=\"wpforms-140-field_2-container\" class=\"wpforms-field wpforms-field-text wpforms-one-half\" data-field-id=\"2\"><label class=\"wpforms-field-label\" for=\"wpforms-140-field_2\"> Ko\u013eko m\u00e1te zamestnancov?<\/label><input type=\"text\" id=\"wpforms-140-field_2\" class=\"wpforms-field-medium\" name=\"wpforms[fields][2]\" ><\/div><div id=\"wpforms-140-field_4-container\" class=\"wpforms-field wpforms-field-checkbox wpforms-one-half wpforms-first\" data-field-id=\"4\"><label class=\"wpforms-field-label\" for=\"wpforms-140-field_4\">O ak\u00fd druh slu\u017eby m\u00e1te z\u00e1ujem?  <span class=\"wpforms-required-label\">*<\/span><\/label><ul id=\"wpforms-140-field_4\" class=\"wpforms-field-required\"><li class=\"choice-1 depth-1\"><input type=\"checkbox\" id=\"wpforms-140-field_4_1\" name=\"wpforms[fields][4][]\" value=\"Spracovanie \u00fa\u010dtovn\u00edctva\" required ><label class=\"wpforms-field-label-inline\" for=\"wpforms-140-field_4_1\">Spracovanie \u00fa\u010dtovn\u00edctva<\/label><\/li><li class=\"choice-2 depth-1\"><input type=\"checkbox\" id=\"wpforms-140-field_4_2\" name=\"wpforms[fields][4][]\" value=\"Spracovanie miezd a personalistiky\" required ><label class=\"wpforms-field-label-inline\" for=\"wpforms-140-field_4_2\">Spracovanie miezd a personalistiky<\/label><\/li><li class=\"choice-3 depth-1\"><input type=\"checkbox\" id=\"wpforms-140-field_4_3\" name=\"wpforms[fields][4][]\" value=\"In\u00e9\" required ><label class=\"wpforms-field-label-inline\" for=\"wpforms-140-field_4_3\">In\u00e9<\/label><\/li><\/ul><\/div><div id=\"wpforms-140-field_6-container\" class=\"wpforms-field wpforms-field-checkbox wpforms-one-half\" data-field-id=\"6\"><label class=\"wpforms-field-label\" for=\"wpforms-140-field_6\">Ste platcom DPH?<\/label><ul id=\"wpforms-140-field_6\"><li class=\"choice-1 depth-1\"><input type=\"checkbox\" id=\"wpforms-140-field_6_1\" name=\"wpforms[fields][6][]\" value=\"\u00c1no\"  ><label class=\"wpforms-field-label-inline\" for=\"wpforms-140-field_6_1\">\u00c1no<\/label><\/li><li class=\"choice-2 depth-1\"><input type=\"checkbox\" id=\"wpforms-140-field_6_2\" name=\"wpforms[fields][6][]\" value=\"Nie\"  ><label class=\"wpforms-field-label-inline\" for=\"wpforms-140-field_6_2\">Nie<\/label><\/li><\/ul><\/div><div id=\"wpforms-140-field_11-container\" class=\"wpforms-field wpforms-field-select wpforms-field-select-style-modern\" data-field-id=\"11\"><label class=\"wpforms-field-label\" for=\"wpforms-140-field_11\">Po\u010det fakt\u00far a pokladni\u010dn\u00fdch dokladov mesa\u010dne?<\/label><select id=\"wpforms-140-field_11\" class=\"wpforms-field-small choicesjs-select\" data-size-class=\"wpforms-field-row wpforms-field-small\" data-search-enabled=\"\" name=\"wpforms[fields][11]\"><option value=\"\" class=\"placeholder\" disabled  selected='selected'>1-20<\/option><option value=\"1-20\" >1-20<\/option><option value=\"20-40\" >20-40<\/option><option value=\"40 a viac\" >40 a viac<\/option><\/select><\/div><div id=\"wpforms-140-field_8-container\" class=\"wpforms-field wpforms-field-textarea\" data-field-id=\"8\"><label class=\"wpforms-field-label\" for=\"wpforms-140-field_8\">Pozn\u00e1mka<\/label><textarea id=\"wpforms-140-field_8\" class=\"wpforms-field-medium\" name=\"wpforms[fields][8]\" ><\/textarea><\/div><\/div><div class=\"wpforms-submit-container\"><input type=\"hidden\" name=\"wpforms[id]\" value=\"140\"><input type=\"hidden\" name=\"wpforms[author]\" value=\"1\"><button type=\"submit\" name=\"wpforms[submit]\" id=\"wpforms-submit-140\" class=\"wpforms-submit\" data-alt-text=\"Odosielam...\" data-submit-text=\"Odosla\u0165\" aria-live=\"assertive\" value=\"wpforms-submit\">Odosla\u0165<\/button><img loading=\"lazy\" decoding=\"async\" src=\"https:\/\/l2p.sk\/wp-content\/plugins\/wpforms-lite\/assets\/images\/submit-spin.svg\" class=\"wpforms-submit-spinner\" style=\"display: none;\" width=\"26\" height=\"26\" alt=\"Loading\"><\/div><\/form><\/div>  <!-- .wpforms-container --><\/div>\n\n\n\n<div class=\"wp-block-column is-layout-flow wp-block-column-is-layout-flow\" style=\"flex-basis:20%\"><\/div>\n<\/div>\n\n\n\n<div style=\"height:29px\" aria-hidden=\"true\" class=\"wp-block-spacer\"><\/div>\n<\/div><\/div>\n\n\n\n<div class=\"wp-block-group alignfull\"><div class=\"wp-block-group__inner-container is-layout-constrained wp-block-group-is-layout-constrained\">\n<div class=\"wp-block-columns alignfull container kontakt has-black-background-color has-background is-layout-flex wp-container-core-columns-is-layout-9d6595d7 wp-block-columns-is-layout-flex\" id=\"kontakt\">\n<div class=\"wp-block-column is-vertically-aligned-center col-md-5 is-layout-flow wp-block-column-is-layout-flow\" style=\"flex-basis:17.93%\">\n<div style=\"height:\" aria-hidden=\"true\" class=\"wp-block-spacer\"><\/div>\n<\/div>\n\n\n\n<div class=\"wp-block-column is-layout-flow wp-block-column-is-layout-flow\" style=\"flex-basis:20.83%\">\n<p><\/p>\n\n\n\n<h4 class=\"has-text-align-center has-white-color has-text-color wp-block-heading\"><strong>Dohodnite si s nami stretnutie<\/strong><\/h4>\n\n\n\n<p class=\"has-text-align-left has-white-color has-text-color\" style=\"font-size:16px\">Patrik Pavla<br> +421 904 923 906 <br>E-mail: office@l2p.sk Mon \u2013 Fri, 8:00-22:00<\/p>\n<\/div>\n\n\n\n<div class=\"wp-block-column is-vertically-aligned-center is-layout-flow wp-block-column-is-layout-flow\" style=\"flex-basis:33.33%\">\n<h2 class=\"has-text-align-center has-white-color has-text-color wp-block-heading\">Kontaktujte n\u00e1s<\/h2>\n\n\n<div class=\"wpforms-container wpforms-container-full\" id=\"wpforms-6\"><form id=\"wpforms-form-6\" class=\"wpforms-validate wpforms-form\" data-formid=\"6\" method=\"post\" enctype=\"multipart\/form-data\" action=\"\/index.php?rest_route=%2Fwp%2Fv2%2Fpages%2F14\" data-token=\"5f8916bc21bf48a65b1957134838ea2b\"><noscript class=\"wpforms-error-noscript\">Please enable JavaScript in your browser to complete this form.<\/noscript><div class=\"wpforms-field-container\"><div id=\"wpforms-6-field_0-container\" class=\"wpforms-field wpforms-field-name wpforms-one-half wpforms-first\" data-field-id=\"0\"><label class=\"wpforms-field-label\" for=\"wpforms-6-field_0\">Meno a Priezvisko <span class=\"wpforms-required-label\">*<\/span><\/label><input type=\"text\" id=\"wpforms-6-field_0\" class=\"wpforms-field-medium wpforms-field-required\" name=\"wpforms[fields][0]\" required><\/div><div id=\"wpforms-6-field_3-container\" class=\"wpforms-field wpforms-field-email wpforms-one-half\" data-field-id=\"3\"><label class=\"wpforms-field-label\" for=\"wpforms-6-field_3\">Email <span class=\"wpforms-required-label\">*<\/span><\/label><input type=\"email\" id=\"wpforms-6-field_3\" class=\"wpforms-field-large wpforms-field-required\" name=\"wpforms[fields][3]\" placeholder=\"V\u00e1\u0161 e-mail\" required><\/div><div id=\"wpforms-6-field_2-container\" class=\"wpforms-field wpforms-field-textarea\" data-field-id=\"2\"><label class=\"wpforms-field-label\" for=\"wpforms-6-field_2\">Spr\u00e1va <span class=\"wpforms-required-label\">*<\/span><\/label><textarea id=\"wpforms-6-field_2\" class=\"wpforms-field-medium wpforms-field-required\" name=\"wpforms[fields][2]\" placeholder=\"Your Message\" required><\/textarea><\/div><\/div><div class=\"wpforms-submit-container\"><input type=\"hidden\" name=\"wpforms[id]\" value=\"6\"><input type=\"hidden\" name=\"wpforms[author]\" value=\"1\"><button type=\"submit\" name=\"wpforms[submit]\" id=\"wpforms-submit-6\" class=\"wpforms-submit\" data-alt-text=\"Odosielam...\" data-submit-text=\"Odosla\u0165\" aria-live=\"assertive\" value=\"wpforms-submit\">Odosla\u0165<\/button><\/div><\/form><\/div>  <!-- .wpforms-container --><\/div>\n\n\n\n<div class=\"wp-block-column is-layout-flow wp-block-column-is-layout-flow\" style=\"flex-basis:25%\"><\/div>\n<\/div>\n<\/div><\/div>\n","protected":false},"excerpt":{"rendered":"<p>O n\u00e1s Na\u0161a spolo\u010dnos\u0165 sa pod zna\u010dkou L2P sa zameriava na poskytovanie \u00fa\u010dtovn\u00fdch, da\u0148ov\u00fdch slu\u017eieb a poradenstva. \u0160pecializujeme sa na spracov\u00e1vanie \u00fa\u010dtovnej a mzdovej agendy mal\u00fdch, stredn\u00fdch a ve\u013ek\u00fdch spolo\u010dnost\u00ed. Mlad\u00e1, dynamick\u00e1 spolo\u010dnos\u0165, ktor\u00e1 spracuje Va\u0161e \u00fa\u010dtovn\u00edctvo. Na\u0161e slu\u017eby poskytujeme v r\u00e1mci stredn\u00e9ho a z\u00e1padn\u00e9ho Slovenska. Spokojnos\u0165 na\u0161ich z\u00e1kazn\u00edkov je [&hellip;]<\/p>\n","protected":false},"author":1,"featured_media":0,"parent":0,"menu_order":0,"comment_status":"closed","ping_status":"closed","template":"","meta":{"footnotes":""},"class_list":["post-14","page","type-page","status-publish","hentry"],"_links":{"self":[{"href":"https:\/\/l2p.sk\/index.php?rest_route=\/wp\/v2\/pages\/14","targetHints":{"allow":["GET"]}}],"collection":[{"href":"https:\/\/l2p.sk\/index.php?rest_route=\/wp\/v2\/pages"}],"about":[{"href":"https:\/\/l2p.sk\/index.php?rest_route=\/wp\/v2\/types\/page"}],"author":[{"embeddable":true,"href":"https:\/\/l2p.sk\/index.php?rest_route=\/wp\/v2\/users\/1"}],"replies":[{"embeddable":true,"href":"https:\/\/l2p.sk\/index.php?rest_route=%2Fwp%2Fv2%2Fcomments&post=14"}],"version-history":[{"count":41,"href":"https:\/\/l2p.sk\/index.php?rest_route=\/wp\/v2\/pages\/14\/revisions"}],"predecessor-version":[{"id":179,"href":"https:\/\/l2p.sk\/index.php?rest_route=\/wp\/v2\/pages\/14\/revisions\/179"}],"wp:attachment":[{"href":"https:\/\/l2p.sk\/index.php?rest_route=%2Fwp%2Fv2%2Fmedia&parent=14"}],"curies":[{"name":"wp","href":"https:\/\/api.w.org\/{rel}","templated":true}]}}